Is 668535689 a composite number?
False
Is 18992471947 a composite number?
True
Is 197471419 a composite number?
True
Is 10953952453 a composite number?
True
Is 57408639961 a prime number?
False
Is 903923387 a prime number?
True
Is 2191395002 a composite number?
True
Is 9179470429 composite?
False
Is 592197007 a composite number?
False
Is 21356556149 composite?
True
Is 3252867647 composite?
False
Is 124007437 prime?
True
Is 10796541843 composite?
True
Is 2948089031 a prime number?
False
Is 1146842699 prime?
True
Is 32555462803 prime?
True
Is 1683049723 composite?
False
Is 8444262119 a composite number?
False
Is 449144587 a composite number?
False
Is 2017702441 prime?
True
Is 84303943 a composite number?
False
Is 57148397807 a prime number?
False
Is 1264443571 prime?
False
Is 11817577861 a composite number?
False
Is 3724872037 prime?
True
Is 601154753 a prime number?
False
Is 25560487991 prime?
True
Is 54365741 a composite number?
False
Is 350737061 a prime number?
True
Is 17144610229 composite?
True
Is 4990679699 a prime number?
True
Is 6250893601 a composite number?
False
Is 2736933637 prime?
False
Is 3464839541 a prime number?
False
Is 15743471 composite?
False
Is 29840709629 a prime number?
True
Is 112006610393 a composite number?
False
Is 255114137 composite?
True
Is 3103352459 composite?
False
Is 76174873 a composite number?
True
Is 23448094583 prime?
False
Is 3264865417 a prime number?
False
Is 165888968449 prime?
False
Is 268135613 a composite number?
True
Is 9221439593 prime?
True
Is 881292905 a prime number?
False
Is 25629759849 a composite number?
True
Is 528113699 a prime number?
True
Is 156185403121 composite?
True
Is 118136751 composite?
True
Is 28160090401 a composite number?
False
Is 68011254789 a composite number?
True
Is 46551521165 a prime number?
False
Is 104001579079 a prime number?
True
Is 32320945507 a prime number?
True
Is 7214585381 prime?
True
Is 5042773777 a composite number?
False
Is 66776414363 a prime number?
False
Is 17955676003 a composite number?
False
Is 985254461 a composite number?
True
Is 7879246691 composite?
False
Is 68721076667 a composite number?
False
Is 20313341933 a prime number?
False
Is 114300521 a composite number?
True
Is 55125308333 composite?
False
Is 5058294991 prime?
False
Is 1134196073 composite?
False
Is 4910317781 composite?
False
Is 24081412829 prime?
True
Is 8901008183 a composite number?
True
Is 1252961557 a prime number?
False
Is 13613539127 a prime number?
False
Is 5879199857 composite?
True
Is 17864749817 prime?
True
Is 503855749 a composite number?
True
Is 1057392529 a composite number?
True
Is 1438721533 composite?
True
Is 3125497139 a composite number?
False
Is 1326590323 prime?
True
Is 15162697 prime?
False
Is 147963673487 a composite number?
True
Is 326521319 a prime number?
False
Is 278217706193 prime?
False
Is 14161937165 prime?
False
Is 11717801 composite?
True
Is 102141536129 a prime number?
True
Is 3374600701 a prime number?
True
Is 6033765091 a composite number?
False
Is 1446533461 a composite number?
False
Is 105088083389 prime?
True
Is 53327597 composite?
False
Is 279026998871 prime?
True
Is 246565217 prime?
True
Is 2403846979 a composite number?
False
Is 84759691 prime?
True
Is 1729967929 composite?
False
Is 32228276837 a composite number?
True
Is 551138311 composite?
True
Is 51941364907 prime?
True
Is 13891045537 prime?
True
Is 3625785543 composite?
True
Is 553693027 composite?
True
Is 15490987 a prime number?
False
Is 430687223 prime?
False
Is 134069551153 composite?
False
Is 38849317921 composite?
True
Is 111215773 a prime number?
True
Is 1711275409 prime?
False
Is 40431485453 a prime number?
False
Is 4429712143 a composite number?
True
Is 4146906557 a composite number?
True
Is 639790579 prime?
True
Is 28544227457 a prime number?
True
Is 3798717841 prime?
True
Is 208652267 prime?
False
Is 5553319351 a prime number?
True
Is 199729979 a prime number?
False
Is 8154791737 a prime number?
True
Is 41643301247 composite?
True
Is 3077608019 composite?
True
Is 5536061519 a composite number?
False
Is 147560971 composite?
True
Is 103579094029 a prime number?
False
Is 32929322537 composite?
True
Is 5748102193 prime?
False
Is 11190139669 a prime number?
True
Is 77943660985 prime?
False
Is 18575786149 a composite number?
False
Is 7715449327 composite?
False
Is 12779278431 composite?
True
Is 8945191267 a composite number?
True
Is 1157313037 a prime number?
True
Is 4978092409 prime?
False
Is 860745707 composite?
False
Is 16157641183 a prime number?
True
Is 131184696089 composite?
False
Is 6351694801 prime?
True
Is 3505579289 composite?
False
Is 845184367 composite?
False
Is 496023251 composite?
True
Is 729372731 composite?
True
Is 133752734 composite?
True
Is 8902293773 prime?
False
Is 50251237 composite?
True
Is 25012942879 a prime number?
True
Is 27017529671 a prime number?
False
Is 4287855359 prime?
False
Is 3566630317 a composite number?
False
Is 518244659 a prime number?
False
Is 1187925793 prime?
True
Is 11200153523 a prime number?
False
Is 2058175139 a composite number?
False
Is 40380031483 a prime number?
False
Is 5408912863 composite?
False
Is 2746076831 prime?
True
Is 33808352203 a composite number?
False
Is 536826637 a composite number?
False
Is 65457023 prime?
True
Is 1133597623 composite?
True
Is 9286521793 prime?
True
Is 21608126549 a prime number?
False
Is 164782694059 prime?
False
Is 8068677619 prime?
True
Is 72895619 prime?
True
Is 5789927597 a composite number?
True
Is 195575143 a composite number?
False
Is 909482843 a composite number?
False
Is 875596993 a prime number?
False
Is 376601297 a prime number?
True
Is 12228931231 a prime number?
False
Is 50258960857 prime?
False
Is 586581973 a prime number?
True
Is 136617409 composite?
False
Is 119863981 a prime number?
False
Is 67255613449 composite?
False
Is 7942508621 composite?
True
Is 104394094873 a composite number?
True
Is 5606498237 composite?
False
Is 3079990867 a prime number?
True
Is 260691406091 a prime number?
False
Is 2347429901 composite?
False
Is 4072030267 a prime number?
True
Is 6873661009 a prime number?
True
Is 37149266557 a prime number?
False
Is 1525605023 composite?
False
Is 1393271623 a composite number?
True
Is 4306304129 a composite number?
False
Is 725037802 prime?
False
Is 9183667637 a prime number?
True
Is 46864656403 a prime number?
False
Is 290482567 prime?
True
Is 4716242429 prime?
True
Is 6616157983 composite?
False
Is 1763604109 a composite number?
True
Is 831722431 a composite number?
True
Is 155542657 a prime number?
True
Is 425363429 prime?
True
Is 8446409159 a prime number?
True
Is 2222592443 composite?
False
Is 1937074849 composite?
True
Is 5131179569 a composite number?
False
Is 6280535031 a prime number?
False
Is 654582881 a composite number?
False
Is 10297285589 composite?
True
Is 450666257 a prime number?
True
Is 178368467 a composite number?
False
Is 302566057 composite?
True
Is 8350558669 composite?
False
Is 86989622297 a prime number?
True
Is 1851245281 a prime number?
True
Is 84107110313 prime?
True
Is 21270609019 prime?
False
Is 1744433651 prime?
False
Is 29278866223 prime?
True
Is 9277801981 prime?
False
Is 35954558473 a composite number?
True
Is 13636484107 prime?
True
Is 962603491 a composite number?
False
Is 987048721 a composite number?
False
Is 124489187 prime?
True
Is 56742013 prime?
False
Is 1074427483 prime?
True
Is 233834317979 prime?
True
Is 675440737 prime?
False
Is 21104918083 composite?
True
Is 39015211 a prime number?
True
Is 9989510689 a composite number?
True
Is 473701829 composite?
True
Is 2433436711 composite?
True
Is 10959076649 a composite number?
False
Is 88791496309 composite?
True
Is 5586257033 composite?
True
Is 4928348489 composite?
True
Is 9161517633 a composite number?
True
Is 4714216337 a composite number?
False
Is 1045326371 a composite number?
False
Is 31373109869 a composite number?
False
Is 1037018861 a composite number?
False
Is 3943164682 prime?
False
Is 6239700911 a prime number?
False
Is 59023319 composite?
True
Is 2810495209 prime?
True
Is 6467584243 composite?
True
Is 28872444721 a composite number?
True
Is 166842453319 a composite number?
True
Is 91341565879 a composite number?
True
Is 261592987 composite?
True
Is 228505817 a prim